 f be b(0). Suppose -3*t + 3*y - 2*y = -i, f*t + y = 127. Calculate the remainder when t is divided by 11.
10
Suppose 3*f + 7 = -5*c - 55, 3*c = 2*f - 22. Let a = c - -43. Calculate the remainder when a is divided by 12.
9
Let z = 1 + 4. Let g(y) = 1 - y**3 - z*y + 2*y + y - 3*y**2. What is the remainder when g(-3) is divided by 4?
3
Let y = -6 - -11. Suppose y*a - 53 - 118 = -t, -4*t + 106 = 3*a. Suppose 5*w + u = 28 + 33, -5*w = 4*u - 64. Calculate the remainder when a is divided by w.
10
Let o = -14 - -45. Suppose 5*p - 70 = 3*w, -3*w - 69 = -4*p + 2*w. Calculate the remainder when o is divided by p.
9
Let u(k) = -9*k + 1. Let l(h) = -6*h + 1. Let w(s) = 8*l(s) - 5*u(s). Let p = 5 + -8. Calculate the remainder when 35 is divided by w(p).
11
Let j be (-258)/(-4) + (-6)/4. Let d = j - 36. Calculate the remainder when d is divided by 58/6 + (-1)/(-3).
7
Let q = 3 - 0. Let m(t) = 4*t**2 + 3*t - 13*t - q*t**2 - 1. What is the remainder when m(11) is divided by 6?
4
Let r(u) = 19*u - 1. Let o be r(1). Let l = 42 - o. Let i(g) = 2*g**2 + 4*g - 3. Calculate the remainder when l is divided by i(-4).
11
Suppose -5*r + 2*j + 77 = -154, 0 = 4*j - 8. What is the remainder when r is divided by 19?
9
Let z = -12 - -26. Calculate the remainder when 55 is divided by z.
13
Let f(c) = c**2 - 5*c + 6. What is the remainder when 17 - (-2 + 1 - -2) is divided by f(5)?
4
Suppose 0*f + 4 = f + m, -18 = -5*f - 4*m. Suppose p - 18 = -f*p. Suppose -5*u + p = -3*u. What is the remainder when 5 is divided by u?
2
Let k(d) = d**2 - 2*d - 3. Let q be -1 - (0 - 0) - -27. Suppose -3*u + u = -q. Calculate the remainder when u is divided by k(4).
3
Suppose 179*z = 184*z - 145. What is the remainder when 85 is divided by z?
27
Let d be 3/(-2)*12/(-9). Suppose d*h = -0*h - m + 49, 3*h + 5*m = 63. Calculate the remainder when h is divided by 9.
8
Let o(f) = -24*f + 2. Let h be o(-2). Suppose -h = -0*t - 5*t. Suppose 0 = -x + t + 16. Calculate the remainder when x is divided by 14.
12
Let o = 26 - 19. Suppose -6 = -4*v + 42. What is the remainder when v is divided by o?
5
What is the remainder when 3*(-3)/36 + (-762)/(-8) is divided by 26?
17
Let u(q) be the first derivative of q**3 - q**2 + 2*q + 2. Calculate the remainder when 6 is divided by u(1).
0
Let d be (1/(-2))/((-1)/4). Suppose 4*q - 3*b - 59 = d*b, -4*b = q + 1. Let o = -18 - -25. Calculate the remainder when q is divided by o.
4
Let h = 5 + -20. Let m = h + 27. Let r = 55 + -33. What is the remainder when r is divided by m?
10
Let b(q) = -q**2 + 7*q - 4. Let r be b(6). Let p(m) = -m - m + 24*m**2 - 5*m**r - 1. Calculate the remainder when p(-1) is divided by 11.
9
Let f = 42 - 23. Calculate the remainder when 72 is divided by f.
15
Suppose -f = -5 - 8. Suppose b + 5*j + 2 + 15 = 0, -45 = 5*b + 5*j. Let v = f - b. Calculate the remainder when v is divided by 7.
6
Suppose q + 2*t + 0 = -3, q - 15 = 4*t. Suppose -3*u - 15 = -0*u, q*g = -2*u + 2. Calculate the remainder when 15 is divided by g.
3
Let u = 23 - 4. Calculate the remainder when u is divided by 11.
8
Suppose -5*t = -4*a - 3, -5*t - a = -2*a + 3. Let f be 0 + t/(2 + -3). What is the remainder when 32 is divided by (f + 1)*(-22)/(-4)?
10
Let q(l) = 4*l**2 + 7*l - 3. What is the remainder when q(-4) is divided by 18?
15
Let y be (-4)/8*0*-1. Suppose 3*w - 72 + 24 = y. Calculate the remainder when 47 is divided by w.
15
Let x(g) = -g**2 + 14*g - 2. Suppose 0 = -3*q - q - 316. Calculate the remainder when x(8) is divided by (-1)/(-5) + q/(-5).
14
Let x(z) = -2*z**2 - 2*z - 1. Let u be x(4). Let n = 62 - 63. Calculate the remainder when -1*(n + -1 + u) is divided by 15.
13
Suppose 2*x = -4*v - 2*x + 4, -3*x = 12. Suppose -v*s - 87 = -4*c, 0*s = -s - 3. What is the remainder when c is divided by 7?
4
Suppose 24 + 41 = 5*v. Suppose -d = -v - 5. Calculate the remainder when d is divided by 10.
8
Let l(n) = 3*n**2 + 44*n + 18. Calculate the remainder when l(-18) is divided by 40.
38
Let t be 1 + 2/(2/(-5)). Let v(p) = -p**3 - 3*p**2 + 4*p + 1. Let r be v(t). What is the remainder when 31 is divided by (-1 + 0)*(r - 12)?
9
Let q = 77 + -52. What is the remainder when q is divided by 14?
11
Suppose 0 = -5*c - 0 + 10. Let g(r) = r**3 - 4*r**2 - 9*r + 7. What is the remainder when g(6) is divided by (9/2)/(1/c)?
7
Let p = 10 - 7. Suppose 2*k + 2 = -5*t + 12, 0 = p*t - 5*k - 37. What is the remainder when t*2*9/12 is divided by 4?
2
Let u(t) = t**2 + t + 1. Suppose -9*p = -4*p - 20. Let w = p + 1. Calculate the remainder when u(-3) is divided by w.
2
Suppose -t + 1 = 2. Let g(d) = 4*d**2 - 1. What is the remainder when ((-5)/(-3))/(6/36) is divided by g(t)?
1
Suppose 8*c + 2*f - 109 = 3*c, -5*f + 52 = 2*c. Suppose -3 = 4*k + 57. Let g = c + k. What is the remainder when 16 is divided by g?
4
Suppose -2*s - 10 = -2*f + 2*s, -10 = 4*f + 2*s. Let m = 3 + f. Calculate the remainder when 3 is divided by m.
1
Let s = 2 - -1. Suppose 0 = 5*c + 3*i - 32, -5*c - s*i + 4*i = -16. Suppose 0*l = -c*l + 16. Calculate the remainder when l is divided by 2.
0
Let v = 104 + -68. Calculate the remainder when v is divided by 11.
3
Suppose -4*b + 2 = -2*b, 0 = -2*i - 4*b + 50. Let l = 12 + -4. What is the remainder when i is divided by l?
7
Suppose i - 2 = 2*i, 0 = -4*n + 5*i + 30. Suppose 24 = 6*k - n*k. What is the remainder when 93 is divided by k?
21
Let i = -9 - -32. Suppose -5*u + 4*z = -10*u + 236, 5*u = 5*z + 200. What is the remainder when u is divided by i?
21
Suppose 3*z = -z + 24. Let p(m) = 2*m**2 + m - 2. Suppose -4*l - 2 - 6 = 0. Calculate the remainder when z is divided by p(l).
2
Let q = -13 - -21. Suppose 2*a - q = a. What is the remainder when 23 is divided by a?
7
Suppose 0 = f - 3*c - 40, 6*c - 75 = -f + 2*c. Suppose -4*z + f = -69. What is the remainder when 121 is divided by z?
28
Let x(j) = -j**3 - 5*j**2 - 4*j - 3. Calculate the remainder when 47 is divided by x(-5).
13
Suppose 5*n - 44 - 6 = 5*p, 3*p = 4*n - 39. Calculate the remainder when 11 is divided by n.
2
Let c = 1 - 10. Let k be (c/(-6))/(-3)*0. Suppose 3*g + g - 68 = k. What is the remainder when g is divided by 9?
8
Suppose -4*y - 16 = -56. Suppose 0*o - y = -o. Let p = -6 + o. Calculate the remainder when 5 is divided by p.
1
Let p(f) = -f - 1. Let i be p(-1). Let y(b) = -b + 17. Suppose -5*t + 11 + 14 = 0. Calculate the remainder when y(i) is divided by t.
2
Suppose -2*n + 335 = 3*n. Suppose 0 = -4*j + n + 25. What is the remainder when j is divided by 12?
11
Suppose -5*o = -82 - 3. Suppose m + 4*m + 5 = 0. Calculate the remainder when 8/(1*m/(-4)) is divided by o.
15
Let w = 16 + -3. Let l = -1 - -6. Suppose 2*s - l*s + 111 = 0. Calculate the remainder when s is divided by w.
11
Let z = -17 + 44. Calculate the remainder when 107 is divided by z.
26
Calculate the remainder when ((-294)/24 - 3/4)*-2 is divided by 14.
12
Suppose 0 = -w - 0*w + 1, -40 = -5*g + 5*w. Calculate the remainder when 34 is divided by g.
7
Suppose -3*z - 3*n = -129, 0*z + 4*n - 80 = -2*z. Calculate the remainder when z is divided by 12.
10
Let z(j) = 2*j**2 - 2. Let w be z(2). Suppose 0 = -4*y - 5*t + 36, -16 = 2*t + 2*t. Calculate the remainder when 4/w - (-152)/6 is divided by y.
12
Let p(s) = -8*s - 36. Calculate the remainder when p(-7) is divided by 14.
6
Suppose k - 3 - 7 = 0. Suppose 0 = -4*w + 9 + 143. Suppose 3*r - 7*r + 92 = 4*y, -r + w = 4*y. What is the remainder when r is divided by k?
8
Suppose -10*h - 188 = -14*h. Calculate the remainder when h is divided by 24.
23
Suppose 0*o - 5*z = 5*o - 20, 2*o + z = 6. Calculate the remainder when -2 - -6*27/o is divided by 21.
16
Let l(t) = 2*t**2 - 2. Let j = 8 + -9. Let r = j - 1. Calculate the remainder when 17 is divided by l(r).
5
Let u(c) = c**2 - 4*c - 4. What is the remainder when u(7) is divided by 10?
7
Let o = -21 + 60. Calculate the remainder when o is divided by 7.
4
Let w(d) = d**3 - d**2 - d + 1. Let n = 5 - 6. Let s = 3 + n. Calculate the remainder when 7 is divided by w(s).
1
Let h(q) be the third derivative of 7*q**4/24 + q**3/3 + 9*q**2. Calculate the remainder when 87 is divided by h(4).
27
Let g(x) = -x**2 + x - 3. Let b be g(0). Let s(l) = -l**3 - l**2 + 4*l + 4. Let u be s(b). Calculate the remainder when 30/9*36/u is divided by 7.
5
Suppose -3*f + 7*f